 Let n = 12 - 8. Suppose k*d = 4*s - 66 - 23, 4*d = -n*s + 96. List the prime factors of s.
23
Suppose -i + 5*i = 0. Suppose 0*j - 2*j + 34 = i. Let b = 27 - j. List the prime factors of b.
2, 5
Let x(o) = -188*o + 343. What are the prime factors of x(-5)?
1283
Let l(z) = 396*z + 16. List the prime factors of l(1).
2, 103
Let l(u) be the second derivative of -3*u + 0*u**3 + 17/20*u**5 + 1/12*u**4 + 0*u**2 + 0. List the prime factors of l(1).
2, 3
Suppose -2*q = -a + 467, 5*a + 2*q = 8*a - 1409. What are the prime factors of a?
3, 157
What are the prime factors of 2/1 - (-185 - 54)?
241
Let l(b) = 1046*b**2 - 4*b - 8. What are the prime factors of l(-2)?
2, 523
Let u(z) = -76*z - 20. Let m be u(3). Let x = 423 + m. List the prime factors of x.
5, 7
Suppose 5 = -t - 5*a, 2 - 1 = -3*t - a. Suppose -c + 2 = -t*c. Suppose 0 = -5*k - i + 100, c*i - 37 - 30 = -3*k. What are the prime factors of k?
19
Suppose -164916 = -47*q - 26689. List the prime factors of q.
17, 173
Let p(i) = -34*i - 8. Let y be p(3). Let q = y + 190. What are the prime factors of q?
2, 5
Let o be (-11 - 2)/(7/(-14)). Suppose 5*r = 7*r + o. What are the prime factors of 26/5 - r/(-65)?
5
What are the prime factors of 1258/3 - 14/(-21)?
2, 3, 5, 7
Let c be 15*(3 - 48/20). Let d = c + -11. Let p(q) = -5*q**3 - 4*q**2 - 3*q - 1. List the prime factors of p(d).
29
Suppose 0 = n + 5*z - 22, -n - 3*z = -z - 16. Suppose 3*t - 574 = -4*p, 9*p - n*p - 5*t = -436. What are the prime factors of p?
2, 71
Let i(c) = 4*c - c - 2*c + 0*c - 1 + c**2. Let n(u) = 2*u**2 + 9*u - 6. Let z(v) = i(v) - n(v). List the prime factors of z(-6).
17
Let g = 853 - -341. What are the prime factors of g?
2, 3, 199
Let d(w) = -99*w**3 + 4*w**2 - w + 2. List the prime factors of d(-3).
2, 23, 59
Suppose -542 = 4*q + 254. Let x = q + 372. List the prime factors of x.
173
Let a(c) be the third derivative of 0*c + 4*c**2 - 1/6*c**4 - 1/2*c**3 + 0. What are the prime factors of a(-4)?
13
What are the prime factors of (2165040/2170)/((-2)/(-7))?
2, 3, 97
Suppose -1006 = -5*b + 739. Let p = b + -246. List the prime factors of p.
103
Let x(a) be the third derivative of 0*a - 1/120*a**6 + 0*a**4 + 8*a**2 + 0 + 0*a**5 + 11/6*a**3. What are the prime factors of x(0)?
11
Suppose 0 = -11*v + v + 6840. List the prime factors of v.
2, 3, 19
Suppose -24 = 2*t + 5*v, -2*t + v - 8 = -2*v. What are the prime factors of (-28)/42*t/(21/1098)?
2, 61
Let w(y) = 7*y - 31. List the prime factors of w(16).
3
Let z be ((-36)/27)/(6/9). Let k = 53 - z. What are the prime factors of k?
5, 11
Let r = 39 - 28. Let h = 28 + r. List the prime factors of h.
3, 13
Let p(b) = 5. Let h(y) = y. Let q(c) = -2*h(c) + 2*p(c). Let d be q(7). List the prime factors of ((-2)/d)/((-1)/(-32)).
2
Let d(w) = w**2 - 5. Let r be d(0). Let z = r - -9. Suppose -47 = -5*j - 0*n + 2*n, -z*j - 4*n = -32. List the prime factors of j.
3
Suppose 0 = 3*f + x - 11750 - 3087, 2*f = 5*x + 9880. What are the prime factors of f?
5, 23, 43
Suppose -9*d + 11*d - 3500 = 0. What are the prime factors of d?
2, 5, 7
Let a = -9 + 7. List the prime factors of (-2 + 1 - a) + 155.
2, 3, 13
Suppose -50 = -8*j + 30. Let s(u) = 7*u - 32. List the prime factors of s(j).
2, 19
Let v(s) = 2*s**2 - 3 + s**3 + 12*s - 17*s - s**2. Let c be (-108)/(-18)*(-2)/(-3). List the prime factors of v(c).
3, 19
Suppose 5*i + 1 = 16. Suppose -i*f + 135 = 6*f. List the prime factors of f.
3, 5
Let s(f) = -115*f + 649. List the prime factors of s(-23).
2, 3, 61
Let i be 662 + (4 - 6/1). List the prime factors of (-2)/6 + i/36.
2, 3
Suppose 0 = 2*h - 8*h + 552. Suppose -p = 2*x - 0*p - h, -3*p - 204 = -4*x. What are the prime factors of x?
2, 3
Let t = 43 + -43. Suppose -2*l - 3*l + 25 = 0. Suppose f - 4 = 4*u - t, -5*f = l*u - 95. What are the prime factors of f?
2
What are the prime factors of ((-7)/(-21))/((-6)/14238*-7)?
113
What are the prime factors of 112/(-42)*9186/(-8)*1?
2, 1531
Let a = -1 + 3. Let g(h) = 3*h**2 - 3*h**2 - 5 - 3*h**a + 3*h + h**3. What are the prime factors of g(4)?
23
Let x be 1*-3*70/(-3). Let h = 426 - 428. List the prime factors of ((-28)/x)/(h/10).
2
Suppose -11 - 29 = -5*x - 5*a, -4*x + 46 = -3*a. Suppose -338 = -2*j - 2*y, -x = 3*y - y. What are the prime factors of j?
2, 3, 29
Suppose 0 = -j - 4*g + 55, -5*j - 3*g = -4*g - 275. Let i = j + 125. List the prime factors of i.
2, 3, 5
What are the prime factors of (-27)/(-36)*-4 + (2 - -1317)?
2, 7, 47
Suppose -w = 2*w + 147. What are the prime factors of ((-16)/(-4))/((-7)/w)?
2, 7
Let h(s) = -55*s + 76*s - 20 - s**3 + 4*s**2 - 14*s**2. What are the prime factors of h(-12)?
2
Let l be (3/(3/(-4)))/(-2). Let w(q) = -1 + 30*q**2 - 10*q**2 - 2*q - q. What are the prime factors of w(l)?
73
Let m = -13 - -16. Let u be 5*((-16)/10 - -3). Suppose m*k + 76 = u*k. What are the prime factors of k?
19
Let a be 6/(-54)*956 - 2/(-9). Let d = 12 - a. What are the prime factors of d?
2, 59
Let q be 8*(-1 + 14 + -3). Let t = 141 - q. What are the prime factors of t?
61
Suppose -8*g = 4*m - 5*g - 2324, 0 = 3*g - 12. List the prime factors of m.
2, 17
Let a = -27 + 33. Suppose -14*c = -a*c - 480. List the prime factors of c.
2, 3, 5
Let o = -5 + 79. Let m = o + -51. List the prime factors of m.
23
Let o(u) = -2*u - 6. Let k be o(-4). Let w = 148 + -34. Suppose -w = -4*y - k*y. List the prime factors of y.
19
Let d(n) = 203*n + 25. What are the prime factors of d(14)?
47, 61
Suppose -q + 0*i - 3*i = -1, 2*q - 7 = -i. Let k be (1 - 1) + (q - -16). Suppose -k = -6*c + c. What are the prime factors of c?
2
Suppose 2*m - 976 = -0*m. What are the prime factors of (54/8)/(2 - m/256)?
2, 3
Let d(m) = 11*m - 15. Suppose 0 = -t + 4*o + 5, -3*t = 6*o - 4*o + 41. Let f be d(t). Let j = -96 - f. What are the prime factors of j?
2, 5
Let w(f) = 4*f**3 - 10*f**2 + 15*f - 40. What are the prime factors of w(7)?
947
Suppose 0 = 4*l - 3*l - 31. Suppose o - l = 5*z, -o - 3*z + 30 - 7 = 0. Suppose 0 = -2*f - 4*t + 100, 5*t = f - 3 - o. List the prime factors of f.
2, 11
Let q(z) = -60*z - 318. What are the prime factors of q(-7)?
2, 3, 17
Suppose -5*q + 4 = -31. Suppose 2*x + q*n - 2*n - 33 = 0, -3*x + 2*n + 2 = 0. What are the prime factors of 118/x - 3/2?
2, 7
Let m be 4/26 - 5364/(-117). Suppose 7 = d + 5*s, -2*d - 3*s + m = -s. What are the prime factors of d?
3
Let x be 2/9 + (-4)/18. Suppose x = -17*f + 15*f - 68. Let g = f - -40. What are the prime factors of g?
2, 3
Let b(w) be the third derivative of 11*w**7/5040 + w**6/120 - 3*w**5/20 - 8*w**2. Let d(l) be the third derivative of b(l). What are the prime factors of d(3)?
3, 13
Suppose 0 = -5*u - 0*u + 295. Let o = u + -34. List the prime factors of o.
5
Let l(v) = -v - 83 + 86 + 0*v + v**2 + 4*v - 2*v**3. List the prime factors of l(-2).
17
Suppose -5*g - 9964 = 26*k - 29*k, 0 = -3*g - 6. List the prime factors of k.
2, 3, 7, 79
Let j = 356 + -75. List the prime factors of j.
281
Suppose -4*m + 5*g - 8*g + 6044 = 0, 2*m + 2*g - 3024 = 0. What are the prime factors of m?
2, 13, 29
Suppose -1957 = 4*l + 3*b - 18649, 5*l = -2*b + 20865. What are the prime factors of l?
3, 13, 107
Let z(a) = 2*a + 4*a - a**2 - 12 - 3*a. Let t be z(5). What are the prime factors of t/(-6) + (-3)/(-9)?
2
Suppose -3*o = -2*p - 1742 - 456, 2213 = 3*o + p. What are the prime factors of (15/(-9))/(-5) - o/(-6)?
3, 41
Let x(o) = 100*o - 20. What are the prime factors of x(5)?
2, 3, 5
Suppose q - 2*q + z + 4 = 0, -3*z = 4*q - 9. Let r be (12 + -2)*2*1. Suppose r = -5*i, 5*s - q*i = 48 + 24. What are the prime factors of s?
2, 3
Suppose -5*b + 3*r = -119, 0 = 2*b - 4*r - r - 59. Let m = -31 + b. List the prime factors of (m/2 + 0)*-2.
3
Let j = 1 + 1. Suppose -3*y = 2*c + 10 - 14, 0 = -2*y - 5*c - 1. Suppose -y*h = j*h - 96. What are the prime factors of h?
2, 3
Suppose -3*f - n + 35 = 3*n, -4*f + 57 = -5*n. Let q = f + -6. What are the prime factors of (-3)/q + (-1240)/(-35)?
5, 7
Suppose 0 = r + r + 3*c + 63, -3*r - 3*c = 87. What are the prime factors of (-1)/((-4)/(4 - r))?
7
Suppose 5*j + 3*z = 2484, 2*j - 5*j + 1497 = 4*z. What are the prime factors of j?
3, 5, 11
Let z(f) = 166*f + 4. List the prime factors of z(5).
2, 3, 139
Let g = -43 - -26. Let v = 78 - 35. Let i = g + v. What are the prime factors of i?
2, 13
Suppos